{"version":"1.0","provider_name":"Marketin elkartea","provider_url":"https:\/\/asociacionmarketing.com\/eu","title":"Asiste a la gala 2026 - Asociaci\u00f3n de Marketing","type":"rich","width":600,"height":338,"html":"<blockquote class=\"wp-embedded-content\" data-secret=\"3JJrpQdCxq\"><a href=\"https:\/\/asociacionmarketing.com\/eu\/premios-marketing\/asiste-a-la-gala-2026\/\">Zatoz 2026ko galara<\/a><\/blockquote><iframe sandbox=\"allow-scripts\" security=\"restricted\" src=\"https:\/\/asociacionmarketing.com\/eu\/premios-marketing\/asiste-a-la-gala-2026\/embed\/#?secret=3JJrpQdCxq\" width=\"600\" height=\"338\" title=\"&#8220;Asiste a la gala 2026&#8221; &#8212; Asociaci\u00f3n de Marketing\" data-secret=\"3JJrpQdCxq\" frameborder=\"0\" marginwidth=\"0\" marginheight=\"0\" scrolling=\"no\" class=\"wp-embedded-content\"><\/iframe><script>\n\/*! This file is auto-generated *\/\n!function(d,l){\"use strict\";l.querySelector&&d.addEventListener&&\"undefined\"!=typeof URL&&(d.wp=d.wp||{},d.wp.receiveEmbedMessage||(d.wp.receiveEmbedMessage=function(e){var t=e.data;if((t||t.secret||t.message||t.value)&&!\/[^a-zA-Z0-9]\/.test(t.secret)){for(var s,r,n,a=l.querySelectorAll('iframe[data-secret=\"'+t.secret+'\"]'),o=l.querySelectorAll('blockquote[data-secret=\"'+t.secret+'\"]'),c=new RegExp(\"^https?:$\",\"i\"),i=0;i<o.length;i++)o[i].style.display=\"none\";for(i=0;i<a.length;i++)s=a[i],e.source===s.contentWindow&&(s.removeAttribute(\"style\"),\"height\"===t.message?(1e3<(r=parseInt(t.value,10))?r=1e3:~~r<200&&(r=200),s.height=r):\"link\"===t.message&&(r=new URL(s.getAttribute(\"src\")),n=new URL(t.value),c.test(n.protocol))&&n.host===r.host&&l.activeElement===s&&(d.top.location.href=t.value))}},d.addEventListener(\"message\",d.wp.receiveEmbedMessage,!1),l.addEventListener(\"DOMContentLoaded\",function(){for(var e,t,s=l.querySelectorAll(\"iframe.wp-embedded-content\"),r=0;r<s.length;r++)(t=(e=s[r]).getAttribute(\"data-secret\"))||(t=Math.random().toString(36).substring(2,12),e.src+=\"#?secret=\"+t,e.setAttribute(\"data-secret\",t)),e.contentWindow.postMessage({message:\"ready\",secret:t},\"*\")},!1)))}(window,document);\n\/\/# sourceURL=https:\/\/asociacionmarketing.com\/wp-includes\/js\/wp-embed.min.js\n<\/script>","description":"Asiste a la gala 2026 Gala de los VIII Premios en Marketing AMA El 13 de noviembre de 2026 celebraremos en Bizkaia Aretoa la gala de entrega de los VIII Premios en Marketing AMA. Ser\u00e1 una edici\u00f3n especialmente significativa, en la que celebraremos la trayectoria de la Asociaci\u00f3n y reconoceremos a las organizaciones, marcas, equipos [&hellip;]"}

Asiste a la gala 2026 - Asociación de Marketing

<blockquote class="wp-embedded-content" data-secret="3JJrpQdCxq"><a href="https://asociacionmarketing.com/eu/premios-marketing/asiste-a-la-gala-2026/">Zatoz 2026ko galara</a></blockquote><iframe sandbox="allow-scripts" security="restricted" src="https://asociacionmarketing.com/eu/premios-marketing/asiste-a-la-gala-2026/embed/#?secret=3JJrpQdCxq" width="600" height="338" title="&#8220;Asiste a la gala 2026&#8221; &#8212; Asociación de Marketing" data-secret="3JJrpQdCxq" frameborder="0" marginwidth="0" marginheight="0" scrolling="no" class="wp-embedded-content"></iframe><script>
/*! This file is auto-generated */
!function(d,l){"use strict";l.querySelector&&d.addEventListener&&"undefined"!=typeof URL&&(d.wp=d.wp||{},d.wp.receiveEmbedMessage||(d.wp.receiveEmbedMessage=function(e){var t=e.data;if((t||t.secret||t.message||t.value)&&!/[^a-zA-Z0-9]/.test(t.secret)){for(var s,r,n,a=l.querySelectorAll('iframe[data-secret="'+t.secret+'"]'),o=l.querySelectorAll('blockquote[data-secret="'+t.secret+'"]'),c=new RegExp("^https?:$","i"),i=0;i<o.length;i++)o[i].style.display="none";for(i=0;i<a.length;i++)s=a[i],e.source===s.contentWindow&&(s.removeAttribute("style"),"height"===t.message?(1e3<(r=parseInt(t.value,10))?r=1e3:~~r<200&&(r=200),s.height=r):"link"===t.message&&(r=new URL(s.getAttribute("src")),n=new URL(t.value),c.test(n.protocol))&&n.host===r.host&&l.activeElement===s&&(d.top.location.href=t.value))}},d.addEventListener("message",d.wp.receiveEmbedMessage,!1),l.addEventListener("DOMContentLoaded",function(){for(var e,t,s=l.querySelectorAll("iframe.wp-embedded-content"),r=0;r<s.length;r++)(t=(e=s[r]).getAttribute("data-secret"))||(t=Math.random().toString(36).substring(2,12),e.src+="#?secret="+t,e.setAttribute("data-secret",t)),e.contentWindow.postMessage({message:"ready",secret:t},"*")},!1)))}(window,document);
//# sourceURL=https://asociacionmarketing.com/wp-includes/js/wp-embed.min.js
</script>

Asiste a la gala 2026 Gala de los VIII Premios en Marketing AMA El 13 de noviembre de 2026 celebraremos en Bizkaia Aretoa la gala de entrega de los VIII Premios en Marketing AMA. Será una edición especialmente significativa, en la que celebraremos la trayectoria de la Asociación y reconoceremos a las organizaciones, marcas, equipos [&hellip;]
